 350 (base 9) in base 5?
2123
What is 101 (base 9) in base 16?
52
Convert 32200 (base 4) to base 13.
565
What is -a94 (base 13) in base 15?
-80b
Convert -1101 (base 5) to base 12.
-107
What is -10025 (base 8) in base 3?
-12122111
What is 438 (base 15) in base 14?
4c1
What is -3014 (base 7) in base 3?
-1102112
Convert c90 (base 13) to base 16.
861
Convert 2322031 (base 4) to base 3.
121100101
-101101010101111 (base 2) to base 15
-6d2a
What is -15 (base 14) in base 16?
-13
Convert 558 (base 14) to base 9.
1405
1387 (base 10) to base 13
829
11 (base 5) to base 12
6
Convert 6012 (base 7) to base 8.
4023
Convert -5b87 (base 13) to base 14.
-4a15
Convert 348 (base 9) to base 4.
10133
What is -374 (base 13) in base 4?
-21122
Convert 10a4 (base 12) to base 15.
837
What is 42155 (base 6) in base 5?
140222
Convert 410040 (base 5) to base 2.
11001101011001
-2203 (base 4) to base 5
-1123
-690 (base 11) to base 4
-30321
835 (base 9) to base 3
221012
2f95 (base 16) to base 4
2332111
What is 212303 (base 4) in base 13?
1190
Convert 619d (base 15) to base 11.
14549
What is -2640 (base 13) in base 9?
-7436
What is -300530 (base 6) in base 2?
-101101111100110
What is -16352 (base 7) in base 9?
-6328
Convert -1200222 (base 4) to base 13.
-2a7b
What is -212120 (base 3) in base 9?
-776
Convert -204 (base 12) to base 15.
-147
What is -87 (base 10) in base 8?
-127
Convert 404e (base 15) to base 14.
4d38
-2620 (base 11) to base 14
-1358
c (base 14) to base 12
10
Convert 267 (base 13) to base 12.
2b3
21020 (base 3) to base 13
120
53461 (base 8) to base 11
15852
Convert -53 (base 7) to base 5.
-123
1301021 (base 4) to base 9
10835
-10030323 (base 4) to base 5
-1022321
-2404041 (base 5) to base 2
-1010110011101111
Convert 530 (base 11) to base 6.
2542
Convert 566 (base 12) to base 8.
1436
Convert -4407 (base 9) to base 4.
-302233
Convert 212153 (base 7) to base 12.
19358
Convert -11001202 (base 3) to base 4.
-232103
120000110 (base 3) to base 7
43626
-1410 (base 6) to base 16
-16e
1110011001 (base 2) to base 7
2454
Convert -100322210 (base 4) to base 3.
-10112001002
What is -132513 (base 6) in base 14?
-4697
-1e26 (base 16) to base 15
-2448
Convert 36c (base 15) to base 10.
777
1364 (base 14) to base 3
11200200
What is -31967 (base 11) in base 13?
-18186
What is 12202211 (base 3) in base 15?
13a7
Convert 6a2c (base 15) to base 2.
101100000001110
-13769 (base 13) to base 12
-190b2
1130230 (base 4) to base 16
172c
What is -100001001111011 (base 2) in base 15?
-5099
Convert -354 (base 10) to base 4.
-11202
What is -3223011 (base 4) in base 9?
-22566
-2972 (base 11) to base 10
-3830
What is 1412 (base 13) in base 5?
43023
4588 (base 12) to base 4
1320320
What is 4704 (base 8) in base 5?
40000
2545 (base 9) to base 2
11101110000
10353 (base 6) to base 7
4122
Convert -1402e (base 16) to base 11.
-56645
ac27 (base 15) to base 2
1000111010000111
-586 (base 11) to base 4
-22323
What is -14e (base 15) in base 14?
-175
Convert -1173c (base 13) to base 5.
-2010432
Convert 1001110011 (base 2) to base 10.
627
34d3 (base 14) to base 12
53a9
Convert 220 (base 3) to base 14.
1a
Convert -1333321 (base 4) to base 5.
-230220
Convert 1110001110111 (base 2) to base 5.
213122
What is 484 (base 15) in base 7?
2662
What is 100001110 (base 2) in base 13?
17a
What is 389 (base 12) in base 16?
219
Convert -1371 (base 8) to base 14.
-3c5
Convert 4705 (base 14) to base 13.
5813
1101010111001 (base 2) to base 4
1222321
-1166 (base 12) to base 15
-8a0
What is -573 (base 9) in base 8?
-727
6852 (base 15) to base 8
53157
1522 (base 9) to base 11
95a
-85c (base 13) to base 2
-10110010101
What is -580 (base 16) in base 6?
-10304
16462 (base 10) to base 16
404e
What is 34464 (base 8) in base 5?
432034
What is -332 (base 9) in base 7?
-536
What is 1885 (base 9) in base 13?
87b
Convert 9388 (base 15) to base 10.
31178
-28412 (base 9) to base 16
-4b59
-837 (base 10) to base 4
-31011
-2035 (base 6) to base 16
-1c7
Convert 11010011101 (base 2) to base 14.
88d
443022 (base 5) to base 7
62601
-bc8 (base 13) to base 4
-133213
-1b2 (base 15) to base 13
-242
Convert 3d4 (base 14) to base 10.
774
10223102 (base 5) to base 13
30206
-12286 (base 14) to base 13
-172a6
What is 15001 (base 6) in base 4?
211021
What is 226b5 (base 12) in base 15?
d91e
524 (base 6) to base 11
169
-12102 (base 4) to base 14
-20a
What is -5562 (base 7) in base 10?
-2004
Convert -f37 (base 16) to base 13.
-1a08
What is -32120 (base 13) in base 10?
-90272
Convert 123 (base 12) to base 3.
20100
Convert 100111011011001 (base 2) to base 4.
10323121
1000011 (base 2) to base 7
124
What is 230233 (base 4) in base 7?
11230
What is -214102 (base 6) in base 15?
-53d5
What is -1b5 (base 15) in base 13?
-245
What is 1011011011000 (base 2) in base 10?
5848
Convert 1221123 (base 6) to base 3.
10022020220
-1011101100000 (base 2) to base 14
-2276
Convert -60556 (base 7) to base 5.
-432232
-37d (base 14) to base 10
-699
What is 11111111101 (base 2) in base 6?
13245
What is -2110 (base 9) in base 11?
-1188
Convert 121110122 (base 3) to base 15.
3855
Convert 102200 (base 4) to base 8.
2240
1323 (base 9) to base 14
50d
What is -2333 (base 5) in base 14?
-1a7
What is -407 (base 14) in base 5?
-11131
-605 (base 10) to base 3
-211102
What is 2a798 (base 13) in base 7?
453255
300312 (base 4) to base 12
1986
-2574 (base 8) to base 5
-21104
-3232 (base 10) to base 5
-100412
-3743 (base 16) to base 3
-201101222
-585f (base 16) to base 12
-11113
Convert 1323 (base 4) to base 2.
1111011
-22325 (base 9) to base 3
-202100212
Convert 10021122011 (base 3) to base 14.
19795
What is -374 (base 11) in base 2?
-110111100
23bb (base 15) to base 12
4495
Convert 289 (base 16) to base 2.
1010001001
Convert 11ac (base 13) to base 3.
10102220
What is 23313 (base 5) in base 15?
78d
Convert -29680 (base 10) to base 3.
-1111201021
Convert 827 (base 14) to base 12.
b17
-1137 (base 8) to base 3
-211111
What is 425 (base 11) in base 5?
4021
What is -4351 (base 14) in base 15?
-36aa
Convert 162 (base 10) to base 2.
10100010
Convert 1564 (base 9) to base 8.
2250
12022 (base 4) to base 12
28a
What is 101100100100 (base 2) in base 5?
42402
What is 1a8 (base 14) in base 6?
1332
Convert 15089 (base 13) to base 8.
115353
Convert -646 (base 8) to base 3.
-120122
10001012 (base 3) to base 11
1738
41 (base 7) to base 4
131
What is -49 (base 13) in base 9?
-67
Convert 1053104 (base 6) to base 15.
10e34
Convert 2101002 (base 3) to base 7.
5021
-212221001 (base 3) to base 4
-10100203
Convert -477 (base 10) to base 9.
-580
17ae4 (base 15) to base 3
10220020021
Convert -12 (base 14) to base 16.
-10
Convert 11002230 (base 4) to base 15.
61bc
-1121210212 (base 3) to base 14
-b8d3
1710 (base 10) to base 2
11010101110
Convert -380 (base 10) to base 7.
-1052
13cb3 (base 15) to base 5
4013433
97 (base 10) to base 6
241
-221021 (base 3) to base 11
-570
What is -3251 (base 6) in base 9?
-1024
Convert 112112101 (base 3) to base 9.
15471
33212 (base 10) to base 4
20012330
Convert -81c (base 16) to base 6.
-13340
What is 11011 (base 4) in base 3?
110001
3c (base 15) to base 14
41
-20c (base 14) to base 7
-1115
a21 (base 11) to base 13
73b
Convert 1334 (base 6) to base 2.
101011010
What is 14b3a (base 13) in base 4?
21211121
Convert -10100100100 (base 2) to base 6.
-10032
What is -4084 (base 11) in base 6?
-41024
-1795 (base 10) to base 2
-11100000011
Convert 101010010011101 (base 2) to base 3.
1002201021
What is 378 (base 11) in base 12?
314
Convert 242 (base 9) to base 8.
310
10ac2 (base 14) to base 12
1b56a
What is -130a (base 11) in base 7?
-4653
What is 1111 (base 14) in base 15?
d20
Convert 3768 (base 11) to base 8.
11462
-3220330 (base 4) to base 3
-202110011
-33244 (base 6) to base 11
-3535
What is -1723 (base 15) in base 10?
-4983
Convert -3675 (base 15) to base 16.
-2d41
What is 69 (base 12) in base 11?
74
-110020 (base 3) to base 14
-198
-4682 (base 9) to base 16
-d94
11603 (base 8) to base 6
35043
What is 11010010101 (base 2) in base 4?
122111
What is 4269 (base 10) in base 8?
10255
Convert -837 (base 13) to base 6.
-10250
What is -907 (base 16) in base 9?
-3147
Convert 172 (base 13) to base 9.
321
Convert 23123 (base 5) to base 11.
1282
What is 58a1 (base 11) in base 12?
4586
-1843 (base 14) to base 